{"id":5,"date":"2025-08-07T13:18:37","date_gmt":"2025-08-07T13:18:37","guid":{"rendered":"https:\/\/ludiagrum.thomas-zastrow.de\/?page_id=5"},"modified":"2025-08-07T13:18:38","modified_gmt":"2025-08-07T13:18:38","slug":"newsfeed-spd-garching-de","status":"publish","type":"page","link":"https:\/\/ludiagrum.thomas-zastrow.de\/?page_id=5","title":{"rendered":"Newsfeed SPD-Garching.de"},"content":{"rendered":"<ul class=\"has-dates has-excerpts wp-block-rss has-background has-white-background-color\"><li class='wp-block-rss__item'><div class='wp-block-rss__item-title'><a href='https:\/\/www.spd-garching.de\/bau-des-radschnellwegs-in-garching-massive-rodungsarbeiten-und-mangelhafte-wiederanpflanzung-auf-betroffenen-flaechen\/'>Bau des Radschnellwegs in Garching: Massive Rodungsarbeiten und mangelhafte Wiederanpflanzung auf betroffenen Fl\u00e4chen<\/a><\/div><time datetime=\"2026-04-27T18:04:37+00:00\" class=\"wp-block-rss__item-publish-date\">April 27, 2026<\/time> <div class=\"wp-block-rss__item-excerpt\">Im Jahr 2025 wurden im Auftrag des Landratsamts M\u00fcnchen die Bauarbeiten f\u00fcr den Radschnellweg \u00fcber die A9 bei der Egernfeldbr\u00fccke fortgesetzt. Dabei kam es zu \u2026<\/div><\/li><li class='wp-block-rss__item'><div class='wp-block-rss__item-title'><a href='https:\/\/www.spd-garching.de\/frohe-ostern\/'>Frohe Ostern!<\/a><\/div><time datetime=\"2026-04-05T06:09:32+00:00\" class=\"wp-block-rss__item-publish-date\">April 5, 2026<\/time> <div class=\"wp-block-rss__item-excerpt\">Die SPD Garching w\u00fcnscht Frohe Ostern!<\/div><\/li><li class='wp-block-rss__item'><div class='wp-block-rss__item-title'><a href='https:\/\/www.spd-garching.de\/kommunalwahl-dank-gratulation\/'>Kommunalwahl: Dank &amp; Gratulation<\/a><\/div><time datetime=\"2026-03-23T08:08:41+00:00\" class=\"wp-block-rss__item-publish-date\">March 23, 2026<\/time> <div class=\"wp-block-rss__item-excerpt\">Liebe B\u00fcrgerinnen und B\u00fcrger, zu seinem Wahlerfolg m\u00f6chten wir dem k\u00fcnftigen Ersten B\u00fcrgermeister von Garching, Thomas Lemke, gratulieren und w\u00fcnschen ihm eine gl\u00fcckliche Hand in \u2026<\/div><\/li><li class='wp-block-rss__item'><div class='wp-block-rss__item-title'><a href='https:\/\/www.spd-garching.de\/es-ist-noch-nicht-zu-spaet-briefwahl\/'>Es ist noch nicht zu sp\u00e4t: Briefwahl<\/a><\/div><time datetime=\"2026-03-20T17:00:15+00:00\" class=\"wp-block-rss__item-publish-date\">March 20, 2026<\/time> <div class=\"wp-block-rss__item-excerpt\">Sie haben die Briefwahlunterlagen noch zu Hause? Dann k\u00f6nnen Sie diese am Samstag und bis Sonntag maximal 18 Uhr in den Briefwahl-Briefkasten am Eingang des \u2026<\/div><\/li><li class='wp-block-rss__item'><div class='wp-block-rss__item-title'><a href='https:\/\/www.spd-garching.de\/klimaschutz-in-garching\/'>Klimaschutz in Garching<\/a><\/div><time datetime=\"2026-03-19T17:16:47+00:00\" class=\"wp-block-rss__item-publish-date\">March 19, 2026<\/time> <div class=\"wp-block-rss__item-excerpt\">F\u00fcr eine nachhaltige Zukunftspolitik haben wir in den letzten Jahren vermehrt auf erneuerbare Energie durch Geothermie gesetzt. Dadurch konnten schon \u00fcber 100.000 Tonnen CO2 eingespart \u2026<\/div><\/li><\/ul>\n\n\n<p class=\"has-luminous-vivid-orange-color has-text-color has-link-color wp-elements-4a8b107ba93e06aa5fa23c496fc10a3e\"><\/p>\n\n\n\n<p><\/p>\n","protected":false},"excerpt":{"rendered":"","protected":false},"author":1,"featured_media":0,"parent":0,"menu_order":0,"comment_status":"closed","ping_status":"closed","template":"","meta":{"footnotes":""},"class_list":["post-5","page","type-page","status-publish","hentry"],"_links":{"self":[{"href":"https:\/\/ludiagrum.thomas-zastrow.de\/index.php?rest_route=\/wp\/v2\/pages\/5","targetHints":{"allow":["GET"]}}],"collection":[{"href":"https:\/\/ludiagrum.thomas-zastrow.de\/index.php?rest_route=\/wp\/v2\/pages"}],"about":[{"href":"https:\/\/ludiagrum.thomas-zastrow.de\/index.php?rest_route=\/wp\/v2\/types\/page"}],"author":[{"embeddable":true,"href":"https:\/\/ludiagrum.thomas-zastrow.de\/index.php?rest_route=\/wp\/v2\/users\/1"}],"replies":[{"embeddable":true,"href":"https:\/\/ludiagrum.thomas-zastrow.de\/index.php?rest_route=%2Fwp%2Fv2%2Fcomments&post=5"}],"version-history":[{"count":2,"href":"https:\/\/ludiagrum.thomas-zastrow.de\/index.php?rest_route=\/wp\/v2\/pages\/5\/revisions"}],"predecessor-version":[{"id":75,"href":"https:\/\/ludiagrum.thomas-zastrow.de\/index.php?rest_route=\/wp\/v2\/pages\/5\/revisions\/75"}],"wp:attachment":[{"href":"https:\/\/ludiagrum.thomas-zastrow.de\/index.php?rest_route=%2Fwp%2Fv2%2Fmedia&parent=5"}],"curies":[{"name":"wp","href":"https:\/\/api.w.org\/{rel}","templated":true}]}}